 of 95?
False
Is 1042797098 a multiple of 4039?
True
Is 118 a factor of 171044658?
True
Does 179 divide 34595133?
False
Is 1162 a factor of 464868837?
False
Does 17 divide 69078055?
True
Is 571 a factor of 33106272?
False
Is 32 a factor of 94123616?
True
Is 22 a factor of 29254369?
False
Is 3360168 a multiple of 8?
True
Does 5948 divide 1103954748?
True
Does 369 divide 71071414?
False
Does 12 divide 3552360?
True
Does 66 divide 724918510?
False
Is 1008 a factor of 74603088?
True
Is 1531 a factor of 1501111900?
False
Is 41102376 a multiple of 1593?
False
Is 55 a factor of 69025?
True
Is 43637138 a multiple of 21?
False
Does 4345 divide 253037771?
False
Does 46 divide 99039379?
False
Is 33568200 a multiple of 75?
True
Does 120 divide 33301506?
False
Does 507 divide 15207972?
True
Does 13 divide 184778308?
True
Is 837144347 a multiple of 8?
False
Is 480 a factor of 343023461?
False
Is 157104288 a multiple of 1056?
True
Does 37 divide 3472956?
False
Is 39 a factor of 132599590?
False
Does 14 divide 929719686?
True
Is 3627 a factor of 4747216908?
False
Is 44 a factor of 785533204?
False
Is 43 a factor of 13691157?
True
Is 77045595 a multiple of 5?
True
Is 20769049 a multiple of 60?
False
Is 94727820 a multiple of 41?
False
Does 203 divide 1125199081?
False
Does 1000 divide 493925421?
False
Is 148 a factor of 131847280?
True
Is 7 a factor of 21087269?
True
Is 27 a factor of 320679243?
True
Is 41 a factor of 603732130?
False
Does 47 divide 41896605?
False
Does 100 divide 137642200?
True
Is 687839460 a multiple of 1470?
True
Is 1132879560 a multiple of 15?
True
Is 18 a factor of 1371439?
False
Is 287843690 a multiple of 5028?
False
Does 1281 divide 416839792?
False
Does 268 divide 349950029?
False
Is 1103 a factor of 1794622914?
True
Does 27 divide 1117401696?
True
Is 45362255 a multiple of 611?
False
Does 31 divide 33512395?
True
Does 5 divide 51792949?
False
Is 136 a factor of 334850904?
True
Does 12 divide 36074509?
False
Is 2630 a factor of 250268170?
True
Is 6 a factor of 1144165683?
False
Is 90444859 a multiple of 163?
False
Does 8 divide 3007526000?
True
Is 8 a factor of 50735792?
True
Is 631 a factor of 439795642?
True
Does 156 divide 149630208?
True
Is 2826 a factor of 25877682?
True
Is 2010586176 a multiple of 18?
True
Is 512 a factor of 107137024?
True
Is 132104808 a multiple of 22?
True
Does 946 divide 14282239?
False
Does 49 divide 143525466?
False
Is 21530992 a multiple of 203?
True
Does 481 divide 14903304?
True
Is 692 a factor of 18388344?
False
Is 81711805 a multiple of 1272?
False
Does 1095 divide 786424620?
True
Does 34 divide 19621914?
False
Does 5 divide 2658667?
False
Does 864 divide 1697760?
True
Does 15 divide 28496492?
False
Is 8236586 a multiple of 371?
False
Does 45 divide 411525495?
True
Is 30321448 a multiple of 195?
False
Does 58 divide 7511000?
True
Is 78615758 a multiple of 26?
True
Is 33339039 a multiple of 153?
False
Is 137 a factor of 81431620?
False
Is 144048463 a multiple of 221?
True
Is 2440641 a multiple of 147?
True
Is 158 a factor of 984090783?
False
Is 295902213 a multiple of 196?
False
Does 28 divide 600769903?
False
Does 2859 divide 29946404?
False
Does 60 divide 141997740?
True
Does 2019 divide 366198144?
True
Does 2008 divide 1841588552?
False
Is 8957 a factor of 451077616?
False
Is 76832223 a multiple of 9?
False
Does 56 divide 1123353000?
True
Does 96 divide 44441010?
False
Is 69007484 a multiple of 343?
True
Is 85614025 a multiple of 47?
True
Does 2 divide 21729905?
False
Does 47 divide 483160263?
False
Is 4591800 a multiple of 24?
True
Is 176174188 a multiple of 210?
False
Is 425200 a multiple of 41?
False
Is 538 a factor of 591028322?
False
Does 12 divide 44542519?
False
Is 27 a factor of 1568566658?
False
Is 105 a factor of 94524150?
True
Is 388674462 a multiple of 6?
True
Does 73 divide 345235345?
False
Is 6883 a factor of 761372518?
False
Is 148 a factor of 124506924?
True
Does 2558 divide 227019166?
False
Is 155245979 a multiple of 19?
True
Is 4 a factor of 8006427?
False
Is 9 a factor of 904237684?
False
Does 61 divide 52779370?
False
Is 3 a factor of 153560515?
False
Is 364 a factor of 70699356?
True
Is 512804780 a multiple of 1081?
True
Is 87 a factor of 86424151?
False
Does 24 divide 248200152?
True
Is 31652461 a multiple of 177?
False
Is 492912 a multiple of 2?
True
Does 122 divide 552858647?
False
Does 138 divide 1637475460?
False
Is 186 a factor of 395040564?
True
Is 1208 a factor of 824540602?
False
Does 30 divide 999188028?
False
Does 10 divide 14930030?
True
Is 86 a factor of 44082138?
True
Does 304 divide 983739440?
True
Does 407 divide 49495015?
False
Is 1786 a factor of 163954800?
True
Is 25 a factor of 4662566700?
True
Is 256 a factor of 59363281?
False
Is 310565676 a multiple of 26?
False
Is 1142 a factor of 1465598262?
True
Is 201 a factor of 5420568?
True
Is 4702967514 a multiple of 291?
False
Does 1878 divide 72318766?
False
Is 1599673071 a multiple of 19?
False
Does 52 divide 42092492?
True
Does 25 divide 9667032?
False
Does 18 divide 108423972?
True
Is 1102 a factor of 190796974?
True
Does 12 divide 7454162?
False
Does 13 divide 951568171?
False
Does 37 divide 169915522?
False
Is 1557 a factor of 321375699?
True
Is 766 a factor of 56175376?
True
Is 23296638 a multiple of 4?
False
Is 377 a factor of 4517161220?
True
Does 62 divide 19417454?
False
Is 37963648 a multiple of 64?
True
Is 371797688 a multiple of 38?
False
Does 31 divide 86706101?
True
Is 1027 a factor of 480465080?
False
Is 182886011 a multiple of 2401?
False
Is 5 a factor of 507770570?
True
Does 35 divide 13522913?
False
Does 6 divide 1003528686?
True
Does 7 divide 7734185?
False
Does 100 divide 102647404?
False
Is 28 a factor of 3082207733?
False
Is 91830420 a multiple of 330?
True
Is 656059073 a multiple of 42?
False
Does 509 divide 42711504?
False
Is 69267480 a multiple of 8?
True
Is 107932880 a multiple of 16?
True
Does 4435 divide 2660116621?
False
Is 6352864 a multiple of 116?
False
Is 434147610 a multiple of 390?
True
Is 879216255 a multiple of 10?
False
Is 1114 a factor of 63790938?
False
Does 337 divide 15505371?
False
Is 986 a factor of 100622286?
True
Does 23 divide 203993946?
True
Is 22 a factor of 265531227?
False
Is 130871874 a multiple of 1106?
True
Is 138 a factor of 381534692?
False
Is 296222315 a multiple of 316?
False
Is 26 a factor of 138281285?
False
Is 56746816 a multiple of 119?
True
Does 1373 divide 33341932?
True
Does 50 divide 53237750?
True
Does 773 divide 52340603?
True
Does 124 divide 450076228?
True
Is 243865957 a multiple of 2856?
False
Is 134 a factor of 627924?
True
Does 607 divide 2580268366?
False
Does 1580 divide 292913040?
True
Is 565 a factor of 26855580?
True
Is 631 a factor of 282152550?
False
Does 930 divide 1108142719?
False
Is 2125052676 a multiple of 36?
True
Is 220917082 a multiple of 108?
False
Is 542622925 a multiple of 4075?
True
Does 14 divide 15081262?
True
Does 85 divide 239182882?
False
Is 1660387 a multiple of 13?
False
Is 490 a factor of 1425162634?
False
Is 7 a factor of 12520662?
True
Is 756785012 a multiple of 3412?
True
Is 328 a factor of 333187648?
True
Is 84009027 a multiple of 130?
False
Is 569 a factor of 3553668?
False
Does 17 divide 12819343?
True
Is 4608 a factor of 187513344?
True
Does 252 divide 13100326?
False
Is 713731632 a multiple of 3656?
True
Does 1943 divide 273854192?
True
Is 201 a factor of 2247963900?
True
Is 356 a factor of 72285700?
False
Is 546 a factor of 141052567?
False
Does 89 divide 22901124?
True
Is 8704566 even?
True
Does 20 divide 2191706?
False
Is 238933621 a multiple of 129?
False
Does 156 divide 355759092?
True
Is 691137315 a multiple of 21?
False
Is 876133338 a multiple of 13?
False
Is 66021129 a multiple of 9?
True
Does 1751 divide 81433757?
True
Is 51101885 a multiple of 61?
False
Does 1479 divide 274924741?
False
Is 13600883 a multiple of 96?
False
Is 1271971846 a multiple of 150?
False
Does 775 divide 7201830?
False
Does 8 divide 4940696?
True
Is 745 a factor of 6142525?
True
Is 1775 a factor of 2113526225?
True
Does 193 divide 86709689?
True
Is 1081 a factor of 2763386244?
True
Is 36904856 a multiple of 541?
True
Does 57 divide 263136339?
True
Is 1587 a factor of 246234159?
True
Does 164 divide 94514020?
True
Is 803